10.
2, 5, 19
List the prime factors of 1434.
2, 3, 239
List the prime factors of 1546.
2, 773
What are the prime factors of 112?
2, 7
What are the prime factors of 496?
2, 31
List the prime factors of 38266.
2, 19, 53
What are the prime factors of 152368?
2, 89, 107
What are the prime factors of 15939?
3, 7, 11, 23
List the prime factors of 140214.
2, 3, 23369
List the prime factors of 48680.
2, 5, 1217
List the prime factors of 8928.
2, 3, 31
What are the prime factors of 706?
2, 353
List the prime factors of 5068.
2, 7, 181
List the prime factors of 1125.
3, 5
What are the prime factors of 706?
2, 353
List the prime factors of 247.
13, 19
List the prime factors of 320.
2, 5
What are the prime factors of 730?
2, 5, 73
What are the prime factors of 7909?
11, 719
List the prime factors of 74008.
2, 11, 29
What are the prime factors of 319?
11, 29
List the prime factors of 757.
757
List the prime factors of 65751.
3, 7, 31, 101
What are the prime factors of 1849?
43
What are the prime factors of 436?
2, 109
List the prime factors of 9831.
3, 29, 113
List the prime factors of 1395.
3, 5, 31
What are the prime factors of 153?
3, 17
What are the prime factors of 26582?
2, 13291
List the prime factors of 62974.
2, 23, 37
What are the prime factors of 14355?
3, 5, 11, 29
List the prime factors of 418.
2, 11, 19
List the prime factors of 95518.
2, 163, 293
What are the prime factors of 5621?
7, 11, 73
List the prime factors of 118.
2, 59
List the prime factors of 43354.
2, 53, 409
What are the prime factors of 249?
3, 83
List the prime factors of 18700.
2, 5, 11, 17
What are the prime factors of 26645?
5, 73
List the prime factors of 19482.
2, 3, 17, 191
What are the prime factors of 3782?
2, 31, 61
What are the prime factors of 82070?
2, 5, 29, 283
What are the prime factors of 5060?
2, 5, 11, 23
List the prime factors of 54.
2, 3
What are the prime factors of 125232?
2, 3, 2609
List the prime factors of 1034.
2, 11, 47
What are the prime factors of 1629?
3, 181
What are the prime factors of 28913?
29, 997
What are the prime factors of 1853?
17, 109
What are the prime factors of 1414?
2, 7, 101
List the prime factors of 1273.
19, 67
List the prime factors of 8320.
2, 5, 13
What are the prime factors of 189?
3, 7
List the prime factors of 5404.
2, 7, 193
List the prime factors of 45762.
2, 3, 29, 263
What are the prime factors of 983?
983
What are the prime factors of 1112?
2, 139
List the prime factors of 10537.
41, 257
List the prime factors of 77828.
2, 19457
What are the prime factors of 1868?
2, 467
List the prime factors of 4428.
2, 3, 41
What are the prime factors of 6303?
3, 11, 191
What are the prime factors of 28086?
2, 3, 31, 151
List the prime factors of 2689.
2689
What are the prime factors of 2218?
2, 1109
List the prime factors of 3376.
2, 211
What are the prime factors of 31875?
3, 5, 17
What are the prime factors of 23979?
3, 7993
List the prime factors of 1223.
1223
What are the prime factors of 23772?
2, 3, 7, 283
What are the prime factors of 25777?
149, 173
List the prime factors of 388.
2, 97
List the prime factors of 27179.
27179
What are the prime factors of 1073?
29, 37
List the prime factors of 173805.
3, 5, 11587
List the prime factors of 46941.
3, 15647
List the prime factors of 1977.
3, 659
What are the prime factors of 3495?
3, 5, 233
List the prime factors of 1279.
1279
What are the prime factors of 6572?
2, 31, 53
List the prime factors of 73.
73
What are the prime factors of 9994?
2, 19, 263
What are the prime factors of 500?
2, 5
What are the prime factors of 4230?
2, 3, 5, 47
List the prime factors of 107.
107
List the prime factors of 5867.
5867
List the prime factors of 983.
983
List the prime factors of 499.
499
What are the prime factors of 1770?
2, 3, 5, 59
What are the prime factors of 795?
3, 5, 53
List the prime factors of 13393.
59, 227
What are the prime factors of 1653?
3, 19, 29
List the prime factors of 523.
523
List the prime factors of 31797.
3, 3533
What are the prime factors of 17729?
17729
List the prime factors of 11712.
2, 3, 61
List the prime factors of 350.
2, 5, 7
List the prime factors of 22297.
11, 2027
List the prime factors of 1460.
2, 5, 73
What are the prime factors of 65996?
2, 7, 2357
List the prime factors of 7435.
5, 1487
List the prime factors of 19600.
2, 5, 7
What are the prime factors of 1147?
31, 37
List the prime factors of 49174.
2, 23, 1069
What are the prime factors of 306?
2, 3, 17
List the prime factors of 4312.
2, 7, 11
List the prime factors of 661.
661
List the prime factors of 72395.
5, 14479
List the prime factors of 975.
3, 5, 13
List the prime factors of 1212.
2, 3, 101
What are the prime factors of 6386?
2, 31, 103
List the prime factors of 1143.
3, 127
What are the prime factors of 7904?
2, 13, 19
List the prime factors of 467.
467
List the prime factors of 1846.
2, 13, 71
List the prime factors of 6199.
6199
What are the prime factors of 6947?
6947
List the prime factors of 3749.
23, 163
List the prime factors of 978.
2, 3, 163
List the prime factors of 61148.
2, 15287
List the prime factors of 309.
3, 103
What are the prime factors of 3864?
2, 3, 7, 23
List the prime factors of 4612.
2, 1153
What are the prime factors of 2092?
2, 523
List the prime factors of 2729.
2729
List the prime factors of 55603.
55603
What are the prime factors of 4989?
3, 1663
What are the prime factors of 35125?
5, 281
List the prime factors of 1298.
2, 11, 59
List the prime factors of 96506.
2, 73, 661
What are the prime factors of 2332?
2, 11, 53
What are the prime factors of 38114?
2, 17, 19, 59
List the prime factors of 256.
2
List the prime factors of 185.
5, 37
What are the prime factors of 23704?
2, 2963
List the prime factors of 772.
2, 193
What are the prime factors of 189?
3, 7
What are the prime factors of 99557?
29, 3433
What are the prime factors of 377?
13, 29
List the prime factors of 40.
2, 5
What are the prime factors of 2244?
2, 3, 11, 17
List the prime factors of 1032.
2, 3, 43
List the prime factors of 1751.
17, 103
What are the prime factors of 291?
3, 97
What are the prime factors of 410?
2, 5, 41
What are the prime factors of 11401?
13, 877
What are the prime factors of 4487?
7, 641
What are the prime factors of 284?
2, 71
What are the prime factors of 6704?
2, 419
List the prime factors of 113.
113
List the prime factors of 50026.
2, 25013
List the prime factors of 3597.
3, 11, 109
List the prime factors of 13174.
2, 7, 941
What are the prime factors of 141?
3, 47
List the prime factors of 7202.
2, 13, 277
What are the prime factors of 64264?
2, 29, 277
List the prime factors of 2482.
2, 17, 73
What are the prime factors of 9417?
3, 43, 73
List the prime factors of 9292.
2, 23, 101
List the prime factors of 348.
2, 3, 29
List the prime factors of 2109.
3, 19, 37
List the prime factors of 26200.
2, 5, 131
List the prime factors of 3971.
11, 19
List the prime factors of 14161.
7, 17
List the prime factors of 20291.
103, 197
What are the prime factors of 7896?
2, 3, 7, 47
List the prime factors of 603.
3, 67
What are the prime factors of 5485?
5, 1097
What are the prime factors of 2138?
2, 1069
List the prime factors of 7189.
7, 13, 79
List the prime factors of 13421.
13421
List the prime factors of 92.
2, 23
List the prime factors of 9741.
3, 17, 191
What are the prime factors of 17767?
109, 163
What are the prime factors of 329?
7, 47
List the prime factors of 7598.
2, 29, 131
List the prime factors of 6004.
2, 19, 79
List the prime factors of 44689.
23, 29, 67
List the prime factors of 74781.
3, 7, 1187
List the prime factors of 3647.
7, 521
What are the prime factors of 923?
13, 71
What are the prime factors of 18527?
97, 191
List the prime factors of 2216.
2, 277
What are the prime factors of 66538?
2, 17, 19, 103
List the prime factors of 100997.
13, 17, 457
What are the prime factors of 11048?
2, 1381
List the prime factors of 3007.
31, 97
What are the prime factors of 8472?
2, 3, 353
List the prime factors of 4611.
3, 29, 53
What are the prime factors of 32744?
2, 4093
What are the prime factors of 129172?
2, 43, 751
What are the prime factors of 4596?
2, 3, 383
What are the prime factors of 576?
2, 3
List the prime factors of 563.
563
What are the prime